 -d**3 - 8*d**2 + 9*d - 21. Let y be p(-11). Calculate the highest common divisor of y and 9.
9
Let d be -2 - (-2 - -1) - -4. Suppose d*a + a = -l - 9, 4*l + 4*a + 24 = 0. Let u = 6 - l. Calculate the highest common factor of u and 121.
11
Let j(h) = 6*h + 52. Let z be j(-7). Calculate the highest common divisor of 5 and z.
5
Suppose -79 = -2*c - 15. Calculate the greatest common factor of 464 and c.
16
Suppose 5*h = q - 3*q - 194, -q = 4*h + 154. Let n be h/(-9) - (-2)/(-9). Let y = -25 - -35. What is the highest common factor of n and y?
2
Let v(y) = 0*y + 2*y**3 + 5*y - 13 + 8 - 3*y**2. Let h be v(2). Calculate the highest common factor of 3 and h.
3
Let k = -7 + 4. Let s be 64/(-2)*k/6. Suppose 64 = 2*g - 0*g. Calculate the greatest common factor of s and g.
16
Let f(r) = -r**2 - 12*r + 251. Let y be f(-22). Calculate the highest common factor of y and 1519.
31
Let i(a) = a**3 + 14*a - 20*a**2 + 6*a**2 - 6 - 5. Let b be i(13). Suppose 4 = 2*k, -b*k + 3*k = -3*q + 110. Calculate the highest common divisor of q and 9.
9
Suppose 12 = -5*x + 4*i, 0*x - 2*i + 16 = -5*x. Let s = 0 - -4. Let k be 60 + x + -2 - s. What is the highest common divisor of k and 20?
10
Suppose 3 = 3*q - 3. Suppose -7 = -q*t - o, t - 1 = 5*o - 3. Let h(d) = -2*d**2 - 28*d + 51. Let k be h(-15). Calculate the greatest common factor of k and t.
3
Let b be (-21 - 789)*(-10)/4. Calculate the greatest common factor of b and 162.
81
Let n be 4/4 - (10 - 7) - -21. Let y = 181 - 86. What is the greatest common factor of n and y?
19
Let u be -58*(0 - 2)/2. Let x = 86 - u. What is the greatest common divisor of x and 7?
7
Let h(q) = -4*q**2 - 10*q. Let v(y) = -5*y**2 - 11*y - 1. Let i(o) = -4*h(o) + 3*v(o). Let l be i(-10). Calculate the greatest common factor of 297 and l.
27
Let k(l) = -l**2 - 23*l - 63. Let m be k(-9). Calculate the highest common divisor of 105 and m.
21
Let c(l) = -l**3 - 8*l**2 - 7*l - 2. Let j be c(-7). Let u be 1 + -3 - 134/j. What is the highest common factor of 26 and u?
13
Let g(d) = -2*d - 5. Let i(y) = y**3 + 7*y**2 - 3. Let p be i(-7). Let o be g(p). Let q = o - -23. Calculate the highest common factor of q and 60.
12
Suppose 2*b + 3*k + 0*k = -99, 2*b = 3*k - 129. Let f = b - -65. Let o(v) = -v**3 + 16. Let z be o(0). Calculate the highest common divisor of z and f.
8
Suppose -168 = -i - 3*h, -3*h = -2*i + h + 376. Suppose -6*f = 3*f - i. Calculate the highest common factor of f and 20.
20
Let z(u) = u**3 - 6*u**2 - 5*u + 83. Let c be z(6). Calculate the highest common divisor of c and 212.
53
Let y be (-2)/(-16) - 72119/(-328). Calculate the greatest common factor of 20 and y.
20
Suppose 2*x - 4*g - 112 - 44 = 0, -2*x + 159 = -g. What is the highest common divisor of 80 and x?
80
Suppose -4 = 4*a - 8*a. Let h(i) = -25*i - 1. Let u(o) = 26*o + 1. Let s(c) = 5*h(c) + 6*u(c). Let n be s(a). Calculate the greatest common divisor of 80 and n.
16
Let n be (-5 + 60/16)*-84. What is the highest common factor of 21 and n?
21
Let m be 1/((-74)/140 + (-42)/(-70)). Let i = -78 - -99. Calculate the greatest common factor of m and i.
7
Let g = 79 - 34. Suppose -4*j + 155 = j + h, 3*h + g = 2*j. What is the highest common factor of 150 and j?
30
Suppose -36*w - 55 + 271 = 0. Let n(j) = 41*j**3 + 2*j**2 - j. Let p be (1 + -1 + 1)*1. Let c be n(p). What is the highest common divisor of w and c?
6
Suppose 167 = 12*h - 457. Calculate the highest common divisor of h and 8.
4
Suppose 2*b = -2*b, -4*g = 2*b - 72. Calculate the greatest common factor of 558 and g.
18
Let a = 411 + -191. Suppose 0*j + a = 2*j. What is the highest common divisor of j and 10?
10
Let x(f) = 2*f**3 + 3*f**2 - 3*f. Let h be x(3). Let j = h + -40. What is the greatest common divisor of 64 and j?
32
Suppose 7*s - 5*s - 3*w - 97 = 0, -201 = -4*s - w. Let k be ((-27)/18)/((-3)/s). Let z be (k - 10)*3/1. Calculate the highest common factor of z and 30.
15
Suppose 3*b + 90 = 5*b. Let c = -29 + 31. Let h be ((-26)/(-4) - -1)*c. Calculate the greatest common divisor of h and b.
15
Let s(v) = v**2 + 48*v - 111. Let f be s(-51). What is the greatest common divisor of 112 and f?
14
Let y(d) = d**2 - 6*d - 5. Let o be y(-5). Suppose 6*s - s - 5*k - 645 = 0, 3*s + k - 375 = 0. Let x = s - 51. Calculate the highest common divisor of x and o.
25
Let z(a) = 4*a**3 + 108*a**2 - 4*a - 6. Let o be z(-27). What is the greatest common factor of o and 4?
2
Suppose 0 = -18*n + 53*n - 5040. What is the greatest common factor of n and 24?
24
Let u be -2 + 13 - 13 - (-1 - 419). Calculate the greatest common factor of u and 38.
38
Let u be (-1 + 4)*(-5)/(-3). Let s be (28 + -9)/(7/3 - 2). Let x = -52 + s. Calculate the highest common divisor of u and x.
5
Let r(f) = 35*f + 287. Let i be r(20). Calculate the greatest common divisor of i and 21.
21
Suppose -154 = -5*b + 16*j - 17*j, 2*b - 5*j - 40 = 0. What is the highest common divisor of b and 200?
10
Let x(m) = m**3 + 35*m**2 + 76*m - 62. Let s be x(-32). What is the greatest common factor of 17 and s?
17
Suppose -3*b - 5*g + 35 = -31, -5*g = 0. Calculate the greatest common factor of 77 and b.
11
Let t(p) = p**2 - 5*p + 18. Let q be t(9). Let b(c) = 0*c + 2*c + q + 46 - c. Let j be b(0). Calculate the greatest common divisor of 20 and j.
20
Let t(p) = p**3 + 11*p**2 - 10*p - 116. Let l be t(-8). What is the highest common factor of l and 104?
52
Suppose -6*x = -19 - 53. Let r be (8/4 - -1)/(2/x). What is the greatest common divisor of r and 18?
18
Let l = -7 - -9. Suppose 5*y - 26 = -l*j, 4*y - 5*y = -4*j + 8. Suppose -36 = y*t + k - 133, -52 = -2*t - 4*k. Calculate the greatest common divisor of 3 and t.
3
Suppose 0 = -14*r - 38 + 108. Suppose -5*v = -4*f + 8, f - 1 = 4*v + 1. Let u = f + r. Calculate the greatest common divisor of u and 1.
1
Let m be (0 - (-6196)/18) + 2/(-9). Calculate the greatest common factor of m and 258.
86
Suppose -41*d + 15 = -40*d. Calculate the highest common factor of 20 and d.
5
Let f be (-4)/(-5)*(-50)/(-4). Suppose -40 = f*h - 11*h. Calculate the highest common factor of h and 16.
8
Let p be 5 + -3 + -85*6/(-15). What is the greatest common divisor of p and 48?
12
Let x = 16 - -1. Let n(m) = -m - 7. Let p be n(-10). Suppose -3*i = 4*g - 565, -p*i = i - 3*g - 745. What is the highest common factor of x and i?
17
Let v(r) = -r - 8. Let m be ((-56)/2)/2*1. Let k be v(m). Calculate the greatest common factor of 66 and k.
6
Let l be (-6)/(-15)*(-1 + 11). Suppose 3*g = -3*u, u - l*g - 18 = g. Let j be (u + -1)/((-4)/(-6)). What is the greatest common divisor of 15 and j?
3
Let a(f) = 1 - 4*f**2 + f**3 + 7*f**2 - 2*f**2 - f. Let z be a(0). Let q be (19 + (2 - z))*1. What is the highest common factor of q and 40?
20
Let h be (2 - 2)/(-2 - -1). Suppose h = -5*q - a + 42, 5*q - 3*q - 5*a - 6 = 0. Suppose 96 = 9*c - 3*c. What is the highest common divisor of q and c?
8
Let l be 1 + 1*(5 - 2)/(-3). Suppose l = 5*t + 31 - 76. What is the greatest common factor of t and 1?
1
Let h be (1 + 1 + 1)*2/3. Let d(o) = -1 - o**3 - 3*o + 4*o + o**2 + 2. Let y be d(0). Calculate the greatest common divisor of y and h.
1
Suppose 15*q - 10*q - 51 = -y, -144 = -4*y - 5*q. What is the highest common divisor of y and 992?
31
Suppose 3*g + 2*z + 29 = 91, -2*g = 2*z - 44. What is the greatest common factor of g and 198?
18
Let v = -24 - -39. Let c = v + -15. Suppose -k - 2*n + 3 + 1 = c, 5*k + 5*n = 35. What is the highest common divisor of 10 and k?
10
Suppose w - 2*g = 35, 140 = 4*w + 2*g - 7*g. Let c = w - 30. Calculate the greatest common divisor of 15 and c.
5
Let u be (39/(-65))/(2/(-10)). Suppose 98 = 2*v - q + 1, -u*q - 195 = -4*v. Let w = -107 + 119. What is the highest common divisor of w and v?
12
Let h(s) = s**3 + 33*s**2 + 32*s + 33. Let p be h(-32). What is the greatest common divisor of p and 99?
33
Suppose 69 = h - 4*l + 7*l, -3*h + 5*l + 235 = 0. What is the highest common divisor of 75 and h?
75
Let s(n) = -2*n - 8. Let b be s(-6). Suppose -155 = b*z - 455. Suppose l - 42 = z. What is the highest common divisor of l and 13?
13
Let f be (-21)/(-12)*4 + 4. Calculate the greatest common factor of 517 and f.
11
Suppose 0 = -4*g + 5*r + 234, 63 - 351 = -5*g + 4*r. Suppose -110 = -26*s + 98. Calculate the highest common divisor of s and g.
8
Suppos